{"id":15,"date":"2023-12-19T23:19:18","date_gmt":"2023-12-19T22:19:18","guid":{"rendered":"http:\/\/www.repaircafecolomiers.org\/?page_id=15"},"modified":"2024-05-18T11:27:45","modified_gmt":"2024-05-18T09:27:45","slug":"le-projet-du-repair-cafe-colomiers","status":"publish","type":"page","link":"https:\/\/www.repaircafecolomiers.org\/?page_id=15","title":{"rendered":"Le projet du Repair Caf\u00e9 Colomiers"},"content":{"rendered":"\n<h3 class=\"wp-block-heading\">Gen\u00e8se du projet<\/h3>\n\n\n\n<p class=\"has-black-color has-text-color has-link-color wp-elements-3292f9a345b02aeca59339af6b3b6e5e\">Le concept de Repair caf\u00e9 existe depuis 2009 aux Pays Bas. Aujourd&rsquo;hui plus de 3 000 Repair caf\u00e9 existent dans le monde. L\u2019enjeu est de sensibiliser les citoyennes et citoyens \u00e0 une consommation \u00e9coresponsable.<\/p>\n\n\n\n<p class=\"has-black-color has-text-color has-link-color wp-elements-71805998e740f86aa9ddc84f78525557\">Le Repair Caf\u00e9 Colomiers a \u00e9t\u00e9 cr\u00e9\u00e9e le 9 mars 2017 face au constat qu\u2019il est parfois n\u00e9cessaire d\u2019acheter plusieurs tournevis pour r\u00e9aliser une r\u00e9paration mineure. LE Repair Caf\u00e9 Colomiers a pour ambition de proposer aux habitantes et habitants de Colomiers un lieu convivial o\u00f9 ils peuvent venir r\u00e9parer leurs objets en panne avec l&rsquo;aide d&rsquo;un r\u00e9parateur b\u00e9n\u00e9vole.<\/p>\n\n\n\n<p class=\"has-black-color has-text-color has-link-color wp-elements-1b4badd8507162b2430e27fe9034e063\">A sa cr\u00e9ation, le Repair Caf\u00e9 Colomiers a b\u00e9n\u00e9fici\u00e9 du soutien de la Ville de Colomiers dans le cadre de l\u2019appel \u00e0 projet D\u00e9veloppement Durable \u00ab\u00a0Favoriser le vivre ensemble et le bien-\u00eatre de tous\u00a0\u00bb dont il a \u00e9t\u00e9 laur\u00e9at en octobre 2016. L\u2019accompagnement technique et financier de la Ville de Colomiers a permis au Repair Caf\u00e9 de se lancer en quelques mois.<\/p>\n\n\n\n<h3 class=\"wp-block-heading\">LE PROJET ASSOCIATIF DU REPAIR CAF\u00c9 COLOMIERS<\/h3>\n\n\n\n<p class=\"has-black-color has-text-color has-link-color wp-elements-1e3483a9fecd6abc2c76b7811b8c8410\">Le projet du Repair Caf\u00e9 Colomiers se d\u00e9cline en trois axes&nbsp;:<\/p>\n\n\n\n<p class=\"has-black-color has-text-color has-link-color wp-elements-9f26260e1abba77b02e52a090e6ce84d\"> * Eco-Responsabilit\u00e9&nbsp;: Sensibiliser les citoyens \u00e0 une attitude \u00e9coresponsable par le biais de l\u2019aide \u00e0 la r\u00e9paration d\u2019objets.<\/p>\n\n\n\n<p class=\"has-black-color has-text-color has-link-color wp-elements-664ef718bfda5b9afc4e437a528eb0f7\">* Informer et \u00e9duquer \u00e0 des modes de consommation diff\u00e9rents visant \u00e0 r\u00e9duire les d\u00e9chets produits par chacun .<\/p>\n\n\n\n<p class=\"has-black-color has-text-color has-link-color wp-elements-6ceb84abb96b310506122d20bd0e2532\"> * Faciliter et promouvoir les rencontres et les \u00e9changes inter g\u00e9n\u00e9rationnels, inter culturels et inter quartiers au sein de la ville de Colomiers<\/p>\n\n\n\n<p class=\"has-black-color has-text-color has-link-color wp-elements-003f6c8f0554b935986c2c9a6d52606c\">Le Repair Caf\u00e9 Colomiers ne dispose pas de local attitr\u00e9. Notre projet consiste \u00e0 proposer un atelier par mois dans une maison citoyenne diff\u00e9rente \u00e0 chaque fois.<\/p>\n\n\n\n<p class=\"has-black-color has-text-color has-link-color wp-elements-73a3a5491192329e936f977bfb5a99f3\">Nous proposons soit une apr\u00e8s midi compl\u00e8te, le samedi, soit une journ\u00e9e compl\u00e8te le dimanche.<\/p>\n\n\n\n<h3 class=\"wp-block-heading\">UN D\u00c9MARRAGE N\u00c9GOCI\u00c9 INTELLIGEMMENT<\/h3>\n\n\n<div class=\"wp-block-image\">\n<figure class=\"alignright\"><img decoding=\"async\" src=\"https:\/\/web.archive.org\/web\/20230321215119im_\/http:\/\/www.repaircafecolomiers.org\/wp-content\/uploads\/2017\/09\/ateliers-de-bricolage-211x300.jpg\" alt=\"\" class=\"wp-image-135\"\/><\/figure>\n<\/div>\n\n\n<p class=\"has-black-color has-text-color has-link-color wp-elements-c48c7f3bae725cd0aad20fd07365ed52\">L\u2019existence des ateliers de bricolage solidaires dans les maisons citoyennes d\u2019En Jacca et de Saint Exup\u00e9ry ont demand\u00e9 \u00e0 ce que nous n\u00e9gocions la mise en route du projet. Notre but \u00e9tait de privil\u00e9gier une bascule en douceur entre ces ateliers et l\u2019action du Repair Caf\u00e9.<\/p>\n\n\n\n<p class=\"has-black-color has-text-color has-link-color wp-elements-38850995fbd19ba129c3a3698b19833e\">Nous avons travaill\u00e9 en \u00e9troite collaboration avec les services de la d\u00e9mocratie locale et de la vie citoyenne\u00a0 de Colomiers pour permettre aux ateliers de bricolage solidaires de terminer leur action en juin 2017. Un accord a \u00e9t\u00e9 trouv\u00e9 pour permettre aux citoyens s\u2019investissant dans ces ateliers de rejoindre l\u2019association Repair Caf\u00e9 Colomiers en tant que b\u00e9n\u00e9voles.<\/p>\n\n\n\n<p class=\"has-black-color has-text-color has-link-color wp-elements-919d9629f24ed16369e313e2b6a6d45f\">Nous avons donc d\u00e9cal\u00e9 le premier atelier sous l\u2019\u00e9gide du Repair Caf\u00e9 Colomiers au mois de septembre 2017, lors de la f\u00eate des bons plans au Hall Comminges.<\/p>\n\n\n\n<p class=\"has-black-color has-text-color has-link-color wp-elements-90ae3620616041f8e7056a28dfd288ec\">Ce choix collectif, pris dans l\u2019int\u00e9r\u00eat de tous, illustre l\u2019intelligence et l\u2019implication des \u00e9quipes de la mairie et du Repair Caf\u00e9 Colomiers dans la gestion de cette situation peu ordinaire.<\/p>\n\n\n\n<h3 class=\"wp-block-heading\">Adh\u00e9rents<\/h3>\n\n\n\n<p class=\"has-black-color has-text-color has-link-color wp-elements-70ff7fbba30186a20eb7643de45459ee\">L\u2019adh\u00e9sion \u00e0 l\u2019association Repair Caf\u00e9 Colomiers est gratuite.<\/p>\n\n\n\n<p class=\"has-black-color has-text-color has-link-color wp-elements-ca0c59adadc262c3cb8b89250b0efe14\">Seules les personnes souhaitant devenir r\u00e9parateurs et s\u2019investir b\u00e9n\u00e9volement sont incit\u00e9es \u00e0 remplir un bulletin d\u2019adh\u00e9sion.<\/p>\n\n\n\n<p class=\"has-black-color has-text-color has-link-color wp-elements-34ff02e62d13e321c378cfb0438b6d0b\">L\u2019inscription au registre des adh\u00e9rents permet aux b\u00e9n\u00e9voles d\u2019\u00eatre prot\u00e9g\u00e9s par le contrat d\u2019assurance de l\u2019association (MAIF).<\/p>\n\n\n\n<p class=\"has-black-color has-text-color has-link-color wp-elements-d94e5831b4037c6a3a914f7aaa0764f2\">Il n\u2019est pas n\u00e9cessaire d\u2019\u00eatre adh\u00e9rent pour utiliser les services du Repair Caf\u00e9 Colomiers.<\/p>\n\n\n\n<h3 class=\"wp-block-heading\">Actions du Repair Caf\u00e9 Colomiers<\/h3>\n\n\n\n<p class=\"has-black-color has-text-color has-link-color wp-elements-857ae7ba958a0a9d62a5f4709b2aa301\">Le Repair Caf\u00e9 Colomiers propose des ateliers d\u2019aide \u00e0 la r\u00e9paration \u00e0 toute personne, sans distinction g\u00e9ographique. Les ateliers propos\u00e9s sont gratuits.<\/p>\n\n\n\n<p class=\"has-black-color has-text-color has-link-color wp-elements-bde5a8d6e194f118f9b8fb28d8317fac\">Les ateliers se d\u00e9roulent principalement dans les locaux des Maisons Citoyennes (ou salles polyvalentes attenantes aux Maisons Citoyennes) de la ville de Colomiers.<\/p>\n\n\n\n<p class=\"has-black-color has-text-color has-link-color wp-elements-e5f5c8f9760e6a4f6fd644957d24115a\">La fr\u00e9quence des sessions de Repair Caf\u00e9 Colomiers est mensuelle. Nous proposons soit une apr\u00e8s midi compl\u00e8te, le samedi, soit une journ\u00e9e compl\u00e8te le dimanche.<\/p>\n\n\n\n<h3 class=\"wp-block-heading\">Ateliers du samedi apr\u00e8s midi<\/h3>\n\n\n\n<p class=\"has-black-color has-text-color has-link-color wp-elements-825d58eca776cf925b9742be1982cef2\">Les ateliers qui durent une apr\u00e8s midi sont propos\u00e9s le samedi apr\u00e8s midi. Ils ont lieu dans les maisons citoyennes qui n\u2019ont pas de salle polyvalente. Nous sommes donc tenus de respecter les horaires de pr\u00e9sence des salari\u00e9s de la maison citoyenne.<\/p>\n\n\n\n<h3 class=\"wp-block-heading\">Ateliers du dimanche<\/h3>\n\n\n\n<p class=\"has-black-color has-text-color has-link-color wp-elements-6ff15a87e75b314fb66b3538c555b141\">Les ateliers qui durent une journ\u00e9e sont propos\u00e9s le dimanche. Ils ont lieu dans les maisons citoyennes disposant d\u2019une salle polyvalente. Nous n\u2019utilisons pas les locaux de la maison citoyenne \u00e0 proprement parler et n\u2019avons donc pas besoin de la pr\u00e9sence des salari\u00e9s.<\/p>\n","protected":false},"excerpt":{"rendered":"<p>Gen\u00e8se du projet Le concept de Repair caf\u00e9 existe depuis 2009 aux Pays Bas. Aujourd&rsquo;hui plus de 3 000 Repair caf\u00e9 existent dans le monde. L\u2019enjeu est de sensibiliser les &#8230;<\/p>\n","protected":false},"author":5,"featured_media":0,"parent":0,"menu_order":0,"comment_status":"closed","ping_status":"closed","template":"","meta":{"footnotes":""},"class_list":["post-15","page","type-page","status-publish","hentry"],"_links":{"self":[{"href":"https:\/\/www.repaircafecolomiers.org\/index.php?rest_route=\/wp\/v2\/pages\/15","targetHints":{"allow":["GET"]}}],"collection":[{"href":"https:\/\/www.repaircafecolomiers.org\/index.php?rest_route=\/wp\/v2\/pages"}],"about":[{"href":"https:\/\/www.repaircafecolomiers.org\/index.php?rest_route=\/wp\/v2\/types\/page"}],"author":[{"embeddable":true,"href":"https:\/\/www.repaircafecolomiers.org\/index.php?rest_route=\/wp\/v2\/users\/5"}],"replies":[{"embeddable":true,"href":"https:\/\/www.repaircafecolomiers.org\/index.php?rest_route=%2Fwp%2Fv2%2Fcomments&post=15"}],"version-history":[{"count":11,"href":"https:\/\/www.repaircafecolomiers.org\/index.php?rest_route=\/wp\/v2\/pages\/15\/revisions"}],"predecessor-version":[{"id":400,"href":"https:\/\/www.repaircafecolomiers.org\/index.php?rest_route=\/wp\/v2\/pages\/15\/revisions\/400"}],"wp:attachment":[{"href":"https:\/\/www.repaircafecolomiers.org\/index.php?rest_route=%2Fwp%2Fv2%2Fmedia&parent=15"}],"curies":[{"name":"wp","href":"https:\/\/api.w.org\/{rel}","templated":true}]}}